 is 44322 - -1?
44323
In base 8, what is 10 + 211115?
211125
In base 5, what is 21 + 43011?
43032
In base 2, what is 0 - -1001010011100?
1001010011100
In base 10, what is 3383 + -8?
3375
In base 2, what is 1101 - -10001100010100?
10001100100001
In base 7, what is 12044 - 503?
11241
In base 5, what is 301 + 2441?
3242
In base 4, what is 11212033 + 10?
11212103
In base 2, what is 11000001011100001001110 + 0?
11000001011100001001110
In base 5, what is 3 + -13041304?
-13041301
In base 4, what is 2202 - -2222?
11030
In base 6, what is -54 + -11255?
-11353
In base 13, what is -37 - 36a?
-3a4
In base 7, what is 22303 - 446?
21524
In base 14, what is -9dd + -286?
-c85
In base 15, what is 137a9 + -2?
137a7
In base 12, what is 5 - 1912?
-1909
In base 14, what is -3 - -6872?
686d
In base 9, what is -2286 + -2277?
-4574
In base 6, what is 2 + -512331?
-512325
In base 8, what is -333 - -300?
-33
In base 9, what is 5 + -6738?
-6733
In base 4, what is 2311 + 121220?
130131
In base 8, what is -2452 - -1735?
-515
In base 8, what is 1343 - 65?
1256
In base 10, what is -1 - -54073?
54072
In base 9, what is 17800 - 1?
17788
In base 10, what is -17233 + -16?
-17249
In base 13, what is a07 - -26?
a30
In base 16, what is 2e9 + -3d?
2ac
In base 13, what is 13b1 + 2c?
1410
In base 11, what is -568a7 + 2?
-568a5
In base 3, what is 21 + 12110102?
12110200
In base 12, what is -65a88 - 1?
-65a89
In base 10, what is -1560 + -1029?
-2589
In base 14, what is 3a - 656?
-61a
In base 4, what is -10 - 203322121?
-203322131
In base 9, what is 1178 + -30?
1148
In base 10, what is 0 - 311427?
-311427
In base 13, what is 225 - 1b?
207
In base 7, what is 0 + -4635?
-4635
In base 15, what is ee1 - 5?
edb
In base 4, what is -121300 + -1103?
-123003
In base 2, what is -1000000000 - 111011010?
-1111011010
In base 9, what is 6 + 25608?
25615
In base 13, what is -11 - -839?
828
In base 14, what is -235aa + 0?
-235aa
In base 11, what is 82 + 632?
704
In base 7, what is -13510162 + 4?
-13510155
In base 16, what is 5e2 + -44?
59e
In base 2, what is 101101110000110000 - -100?
101101110000110100
In base 8, what is 6 - 100243?
-100235
In base 5, what is -303 - -4440012?
4434204
In base 10, what is -637 - 1396?
-2033
In base 15, what is -20c - -66?
-196
In base 15, what is 12 + 3034?
3046
In base 3, what is -210 - 10120200221?
-10120201201
In base 16, what is -152 + 4?
-14e
In base 8, what is -46 - -10466?
10420
In base 16, what is 90 + 1d54?
1de4
In base 14, what is 308 + 2700?
2a08
In base 2, what is 10111100 + -101001100?
-10010000
In base 16, what is 0 + -196f?
-196f
In base 3, what is -101020022 - 210?
-101021002
In base 10, what is -43 + -35517?
-35560
In base 2, what is -101 - 1010111111011?
-1011000000000
In base 6, what is 14 - 222332?
-222314
In base 11, what is 583 - -930?
1403
In base 6, what is -40522 + 14?
-40504
In base 9, what is -25536 - -30?
-25506
In base 6, what is -224 + -43?
-311
In base 12, what is 2629 + -129?
2500
In base 7, what is -1 - -2233456?
2233455
In base 2, what is -10011101010001000 + -1?
-10011101010001001
In base 3, what is 11102 - 1000121?
-212012
In base 13, what is 255c7 + 3?
255ca
In base 15, what is -18c7 + 34?
-1893
In base 7, what is -53533 + -5?
-53541
In base 15, what is -8845 + -3?
-8848
In base 9, what is -27533 - -48?
-27474
In base 10, what is 3 + -905?
-902
In base 15, what is 304 - -5?
309
In base 10, what is -36127 - 3?
-36130
In base 14, what is -7458 - -2?
-7456
In base 14, what is 25693 - -1?
25694
In base 7, what is 22511 - 52?
22426
In base 10, what is -1 - -253707?
253706
In base 4, what is -3032132103 + -3?
-3032132112
In base 8, what is 126 + 111542?
111670
In base 5, what is -4 + 120334310?
120334301
In base 10, what is 5 - -11758?
11763
In base 7, what is 5146 + 624?
6103
In base 5, what is -3 - -321340?
321332
In base 13, what is 0 + a002?
a002
In base 4, what is -22213003132 - 1?
-22213003133
In base 14, what is 6 - -3837?
383d
In base 10, what is 2 + -8726?
-8724
In base 15, what is ab710c + 5?
ab7112
In base 2, what is 100010 + 100010100100?
100011000110
In base 2, what is 100110 + 110110101110?
110111010100
In base 4, what is -122021 + -13?
-122100
In base 15, what is 448 - 463?
-1a
In base 6, what is 102 + 15015?
15121
In base 11, what is -1143 - -292?
-961
In base 4, what is -1130 + -30111?
-31301
In base 6, what is 30 - -450342?
450412
In base 11, what is 40 + 15423?
15463
In base 14, what is -1329a + 11?
-13289
In base 10, what is 59 - 756?
-697
In base 10, what is -12 - 17777?
-17789
In base 10, what is 4 - -30224?
30228
In base 12, what is 29 - b589?
-b560
In base 5, what is -30020311 - -2?
-30020304
In base 6, what is -3 - 413224?
-413231
In base 16, what is -2b40e - -2?
-2b40c
In base 3, what is 122122022110 - -12?
122122022122
In base 9, what is 305534 + 0?
305534
In base 12, what is 1 - -1210?
1211
In base 2, what is -100000000110000 + 0?
-100000000110000
In base 16, what is 492 + 7?
499
In base 5, what is -111431 - -21?
-111410
In base 11, what is 5a5 + -110?
495
In base 2, what is 11011110111 + -1101?
11011101010
In base 7, what is -124343 + 1?
-124342
In base 12, what is -a + 2988?
297a
In base 7, what is -4115 + -5434?
-12552
In base 6, what is 23144 + -1?
23143
In base 15, what is -c397 - 2?
-c399
In base 10, what is -30877 - 2?
-30879
In base 16, what is -b + -2065?
-2070
In base 11, what is 3073 + 2?
3075
In base 7, what is -5332 + -11132?
-16464
In base 13, what is 25644 + 4?
25648
In base 12, what is 5 + 35949?
35952
In base 13, what is 4 + -5425?
-5421
In base 3, what is -121 + -202211020222?
-202211021120
In base 14, what is -90c8 + -4?
-90cc
In base 8, what is -247304 - -3?
-247301
In base 3, what is -11 - -122021222?
122021211
In base 5, what is -12140 - -2104?
-10031
In base 15, what is -ed8e9 + -5?
-ed8ee
In base 6, what is -414 + 1505?
1051
In base 10, what is 2 - 29381?
-29379
In base 8, what is 3 - 2556300?
-2556275
In base 10, what is -1 + -191429?
-191430
In base 8, what is -40325 + -7?
-40334
In base 6, what is 45422201 + 5?
45422210
In base 7, what is 2100366 + -5?
2100361
In base 4, what is -113021223313 - 10?
-113021223323
In base 5, what is 301 - 311243?
-310442
In base 6, what is -15244114 - 2?
-15244120
In base 2, what is 1011 + -11100?
-10001
In base 3, what is -2122202 + 10021?
-2112111
In base 15, what is -3c - -5245?
5208
In base 16, what is 322 - -1502?
1824
In base 16, what is 7b + 25b3?
262e
In base 11, what is -a41 - -22?
-a1a
In base 4, what is -22211 - -10?
-22201
In base 6, what is -4440230 + -5?
-4440235
In base 7, what is -1211 - -42222?
41011
In base 10, what is 42459 - -2?
42461
In base 10, what is -17 - 37?
-54
In base 14, what is 20da3 - 8?
20d99
In base 5, what is -13121022 - 4?
-13121031
In base 11, what is 0 + 859a?
859a
In base 13, what is -110 + 378?
268
In base 16, what is -1f35 + 0?
-1f35
In base 13, what is 13 - 215?
-202
In base 16, what is -2c9ac + 1?
-2c9ab
In base 16, what is -6cdd + 1f?
-6cbe
In base 15, what is 29 - 7cd4?
-7caa
In base 7, what is -130416 - 4?
-130423
In base 3, what is -1001100211 - -22?
-1001100112
In base 8, what is -105 + 6376?
6271
In base 11, what is -35717 - -26?
-356a1
In base 4, what is 120 + -131311?
-131131
In base 7, what is 41244 + 10?
41254
In base 4, what is 13 - -101322201?
101322220
In base 7, what is -2 + -33564?
-33566
In base 10, what is -7 - -339?
332
In base 10, what is 1 - -3062?
3063
In base 14, what is 3bb - -32?
40d
In base 6, what is 220 + -51354?
-51134
In base 13, what is -c0a - -6?
-c04
In base 14, what is -364 + 113?
-251
In base 7, what is -11056606 - 2?
-11056611
In base 13, what is 3119c - 2?
3119a
In base 9, what is -3 - -1058418?
1058415
In base 7, what is 41 - 24131?
-24060
In base 14, what is 2 + 14324?
14326
In base 10, what is -177551 + 3?
-177548
In base 12, what is 61 - 234?
-193
In base 13, what is -33 - 422?
-455
In base 12, what is 491 + -12?
47b
In base 13, what is -4cb4 - -2?
-4cb2
In base 4, what is -21332213 - -1?
-21332212
In base 16, what is -644d + 13?
-643a
In base 11, what is -9aa + -10?
-a0a
In base 2, what is -100111101100010 + -10?
-100111101100100
In base 10, what is -275 + 3757?
3482
In base 12, what is 49 - 652?
-605
In base 5, what is -311301 - 21?
-311322
In base 9, what is -260365